 greatest common factor of 7680 and 120?
120
Calculate the highest common divisor of 24 and 14592.
24
What is the highest common divisor of 27 and 117?
9
What is the highest common factor of 7 and 9?
1
What is the greatest common divisor of 1200 and 336?
48
What is the highest common factor of 305 and 183?
61
What is the greatest common factor of 1595 and 165?
55
What is the highest common divisor of 93 and 171?
3
Calculate the greatest common divisor of 4565 and 1045.
55
What is the highest common divisor of 125 and 44125?
125
What is the greatest common factor of 374 and 297?
11
What is the greatest common divisor of 61 and 7808?
61
What is the highest common divisor of 19888 and 88?
88
What is the highest common factor of 25 and 8975?
25
Calculate the greatest common divisor of 2 and 866.
2
Calculate the highest common divisor of 580 and 2668.
116
What is the highest common factor of 575 and 23?
23
What is the greatest common factor of 2486 and 44?
22
What is the highest common factor of 90 and 450?
90
What is the highest common factor of 9 and 5337?
9
What is the greatest common divisor of 475 and 175?
25
What is the highest common divisor of 6 and 24?
6
What is the greatest common factor of 34 and 374?
34
Calculate the highest common factor of 276 and 204.
12
What is the greatest common divisor of 28 and 924?
28
What is the highest common factor of 63 and 6531?
21
What is the highest common factor of 4 and 9484?
4
What is the highest common divisor of 204 and 4233?
51
What is the highest common divisor of 38 and 6?
2
What is the highest common divisor of 70 and 9135?
35
Calculate the greatest common factor of 56 and 612.
4
Calculate the greatest common divisor of 25610 and 325.
65
Calculate the greatest common factor of 2033 and 19.
19
What is the highest common divisor of 26 and 429?
13
Calculate the highest common factor of 13 and 23.
1
What is the greatest common divisor of 122124 and 12?
12
What is the greatest common divisor of 60 and 3090?
30
Calculate the greatest common divisor of 24756 and 4.
4
What is the highest common factor of 400 and 500?
100
Calculate the highest common factor of 1100 and 19580.
220
Calculate the highest common divisor of 20 and 22280.
20
What is the highest common factor of 112 and 160?
16
Calculate the highest common factor of 55 and 462.
11
Calculate the highest common factor of 14 and 3836.
14
What is the greatest common factor of 259 and 51541?
259
What is the highest common divisor of 1408 and 341?
11
Calculate the highest common divisor of 195 and 14105.
65
What is the highest common divisor of 21 and 567?
21
What is the highest common divisor of 125 and 1?
1
What is the highest common divisor of 11193 and 123?
123
Calculate the greatest common factor of 453 and 3775.
151
Calculate the greatest common divisor of 1722 and 24.
6
Calculate the highest common divisor of 2407 and 29.
29
What is the highest common divisor of 279 and 434?
31
What is the greatest common factor of 130 and 52?
26
What is the highest common divisor of 52 and 1040?
52
Calculate the greatest common factor of 10 and 110.
10
What is the highest common divisor of 6865 and 25?
5
What is the highest common divisor of 9177 and 95?
19
Calculate the highest common factor of 150087 and 147.
147
What is the greatest common divisor of 22 and 176?
22
What is the greatest common divisor of 2990 and 4810?
130
What is the highest common divisor of 4165 and 765?
85
Calculate the greatest common divisor of 738 and 12.
6
Calculate the highest common factor of 13222 and 22.
22
Calculate the highest common divisor of 48 and 630.
6
What is the highest common divisor of 2724 and 396?
12
Calculate the greatest common divisor of 13 and 4979.
13
What is the greatest common divisor of 10 and 1980?
10
What is the greatest common divisor of 175 and 385?
35
What is the highest common divisor of 22 and 10219?
11
Calculate the highest common divisor of 2394 and 84.
42
Calculate the greatest common factor of 77 and 21.
7
What is the highest common factor of 20607 and 3?
3
What is the highest common factor of 154 and 112?
14
What is the highest common divisor of 35 and 245?
35
What is the highest common divisor of 396 and 13662?
198
Calculate the highest common divisor of 65 and 143.
13
Calculate the highest common factor of 23768 and 16.
8
Calculate the greatest common factor of 6 and 2058.
6
Calculate the highest common divisor of 18 and 927.
9
What is the greatest common divisor of 330 and 120?
30
What is the greatest common factor of 18 and 84?
6
What is the greatest common divisor of 102 and 867?
51
What is the highest common divisor of 8234 and 92?
46
What is the highest common divisor of 200 and 48?
8
What is the highest common factor of 258 and 3784?
86
What is the greatest common factor of 92 and 414?
46
What is the highest common divisor of 2960 and 80?
80
What is the highest common divisor of 2264 and 8?
8
Calculate the greatest common divisor of 520 and 208.
104
What is the greatest common divisor of 13483 and 194?
97
What is the highest common factor of 72 and 3411?
9
Calculate the highest common factor of 333 and 74.
37
Calculate the highest common factor of 15 and 5.
5
What is the highest common factor of 159 and 31111?
53
What is the greatest common factor of 7 and 168?
7
What is the highest common factor of 33 and 517?
11
Calculate the highest common factor of 12801 and 51.
51
Calculate the highest common factor of 58 and 986.
58
Calculate the greatest common factor of 43 and 2.
1
What is the highest common factor of 2470 and 3230?
190
Calculate the greatest common factor of 4 and 54.
2
Calculate the highest common divisor of 20 and 410.
10
What is the greatest common factor of 13 and 312?
13
What is the highest common factor of 182 and 4550?
182
What is the highest common factor of 2 and 101?
1
What is the highest common divisor of 576 and 36?
36
What is the greatest common divisor of 16 and 368?
16
What is the greatest common divisor of 64 and 4064?
32
What is the greatest common divisor of 16 and 1048?
8
What is the greatest common divisor of 1008 and 243?
9
What is the greatest common divisor of 2573 and 31?
31
Calculate the highest common divisor of 50 and 30.
10
What is the greatest common divisor of 20 and 980?
20
Calculate the greatest common divisor of 36 and 23.
1
What is the highest common divisor of 50040 and 360?
360
Calculate the highest common factor of 33 and 57.
3
Calculate the greatest common divisor of 765 and 34.
17
Calculate the highest common factor of 4 and 2308.
4
What is the highest common factor of 200 and 170?
10
What is the highest common divisor of 1482 and 702?
78
Calculate the highest common factor of 49 and 7.
7
Calculate the greatest common divisor of 375 and 4800.
75
What is the greatest common divisor of 629 and 74?
37
Calculate the greatest common factor of 15 and 130.
5
What is the greatest common factor of 1850 and 74?
74
What is the highest common factor of 559 and 344?
43
Calculate the greatest common factor of 4005 and 15.
15
Calculate the greatest common divisor of 31164 and 424.
212
What is the greatest common divisor of 13 and 9?
1
Calculate the greatest common factor of 336 and 2044.
28
What is the highest common factor of 893 and 1880?
47
What is the greatest common factor of 598 and 4?
2
What is the highest common factor of 80 and 50?
10
Calculate the greatest common divisor of 122 and 5734.
122
What is the highest common factor of 7 and 8512?
7
Calculate the highest common factor of 740 and 20.
20
What is the highest common factor of 148 and 962?
74
What is the greatest common divisor of 6237 and 9?
9
What is the highest common divisor of 6789 and 219?
219
What is the greatest common factor of 120 and 4296?
24
What is the highest common factor of 676 and 8?
4
Calculate the highest common factor of 248 and 20.
4
What is the highest common divisor of 348 and 81?
3
Calculate the highest common divisor of 29 and 5.
1
What is the greatest common divisor of 507 and 78?
39
Calculate the greatest common factor of 182 and 63154.
182
What is the highest common factor of 1350 and 108?
54
What is the greatest common divisor of 35 and 91?
7
Calculate the greatest common factor of 380 and 9196.
76
Calculate